der when 21795 is divided by 124.
95
What is the remainder when 103842 is divided by 125?
92
What is the remainder when 14318 is divided by 688?
558
Calculate the remainder when 14302 is divided by 750.
52
Calculate the remainder when 12277 is divided by 158.
111
Calculate the remainder when 3257620 is divided by 17.
12
What is the remainder when 11604 is divided by 439?
190
What is the remainder when 146741 is divided by 239?
234
What is the remainder when 24898 is divided by 88?
82
Calculate the remainder when 4216 is divided by 2104.
8
What is the remainder when 12288 is divided by 683?
677
What is the remainder when 13656 is divided by 314?
154
What is the remainder when 13015 is divided by 1000?
15
Calculate the remainder when 5914 is divided by 5602.
312
What is the remainder when 779316 is divided by 20?
16
What is the remainder when 601 is divided by 155?
136
Calculate the remainder when 626415 is divided by 119.
118
Calculate the remainder when 2916 is divided by 67.
35
What is the remainder when 215752 is divided by 1740?
1732
Calculate the remainder when 3258 is divided by 63.
45
What is the remainder when 13219 is divided by 35?
24
What is the remainder when 5524 is divided by 2758?
8
What is the remainder when 1082464 is divided by 71?
69
What is the remainder when 87568 is divided by 419?
416
What is the remainder when 3685 is divided by 22?
11
Calculate the remainder when 47429 is divided by 11853.
17
Calculate the remainder when 9849 is divided by 9838.
11
Calculate the remainder when 5712 is divided by 185.
162
Calculate the remainder when 38659 is divided by 774.
733
What is the remainder when 6538 is divided by 39?
25
What is the remainder when 900713 is divided by 12?
5
Calculate the remainder when 1772 is divided by 388.
220
Calculate the remainder when 1494191 is divided by 8.
7
What is the remainder when 362502 is divided by 120833?
3
Calculate the remainder when 62396 is divided by 64.
60
What is the remainder when 477896 is divided by 885?
881
Calculate the remainder when 670114 is divided by 223361.
31
Calculate the remainder when 83976 is divided by 7.
4
Calculate the remainder when 5587 is divided by 711.
610
Calculate the remainder when 20771 is divided by 783.
413
What is the remainder when 2659 is divided by 414?
175
Calculate the remainder when 40262 is divided by 8.
6
Calculate the remainder when 10316 is divided by 3429.
29
What is the remainder when 2173 is divided by 2087?
86
Calculate the remainder when 2854037 is divided by 1042.
1041
Calculate the remainder when 929814 is divided by 103312.
6
Calculate the remainder when 37767 is divided by 191.
140
Calculate the remainder when 7871 is divided by 1248.
383
Calculate the remainder when 2524 is divided by 447.
289
Calculate the remainder when 73150 is divided by 154.
0
What is the remainder when 3377388 is divided by 23?
22
Calculate the remainder when 330255 is divided by 1171.
33
What is the remainder when 6488 is divided by 1245?
263
What is the remainder when 397362 is divided by 132443?
33
What is the remainder when 1119 is divided by 24?
15
What is the remainder when 5231 is divided by 404?
383
What is the remainder when 25097 is divided by 8359?
20
Calculate the remainder when 10808 is divided by 1517.
189
Calculate the remainder when 760 is divided by 90.
40
Calculate the remainder when 1198 is divided by 335.
193
What is the remainder when 1047 is divided by 9?
3
What is the remainder when 49117 is divided by 2721?
139
Calculate the remainder when 905 is divided by 61.
51
Calculate the remainder when 594 is divided by 279.
36
Calculate the remainder when 9585 is divided by 70.
65
Calculate the remainder when 8463 is divided by 8143.
320
Calculate the remainder when 5686 is divided by 1065.
361
Calculate the remainder when 646 is divided by 23.
2
Calculate the remainder when 25630 is divided by 14.
10
What is the remainder when 3298360 is divided by 38?
36
Calculate the remainder when 6782 is divided by 324.
302
What is the remainder when 16491 is divided by 5492?
15
What is the remainder when 17352 is divided by 209?
5
Calculate the remainder when 2165 is divided by 195.
20
Calculate the remainder when 6478 is divided by 97.
76
Calculate the remainder when 4425 is divided by 87.
75
What is the remainder when 5118 is divided by 852?
6
Calculate the remainder when 18891 is divided by 467.
211
Calculate the remainder when 8211 is divided by 1621.
106
What is the remainder when 5353 is divided by 762?
19
Calculate the remainder when 20786 is divided by 42.
38
Calculate the remainder when 25285 is divided by 11657.
1971
What is the remainder when 11021 is divided by 10497?
524
What is the remainder when 11649848 is divided by 54?
50
What is the remainder when 155854 is divided by 11?
6
What is the remainder when 14342 is divided by 163?
161
What is the remainder when 6448 is divided by 34?
22
What is the remainder when 9732 is divided by 347?
16
What is the remainder when 42090 is divided by 318?
114
What is the remainder when 35785 is divided by 1232?
57
Calculate the remainder when 71385 is divided by 4199.
2
Calculate the remainder when 94057 is divided by 271.
20
Calculate the remainder when 31813 is divided by 837.
7
What is the remainder when 8815 is divided by 2925?
40
Calculate the remainder when 23859 is divided by 13.
4
Calculate the remainder when 4620 is divided by 3942.
678
Calculate the remainder when 3564 is divided by 80.
44
Calculate the remainder when 8203 is divided by 304.
299
What is the remainder when 124791 is divided by 168?
135
What is the remainder when 127551 is divided by 2602?
53
Calculate the remainder when 1325 is divided by 782.
543
Calculate the remainder when 32487 is divided by 10829.
0
Calculate the remainder when 12206 is divided by 156.
38
Calculate the remainder when 200084 is divided by 168.
164
What is the remainder when 399810 is divided by 99950?
10
Calculate the remainder when 138432 is divided by 498.
486
What is the remainder when 827 is divided by 588?
239
Calculate the remainder when 3828 is divided by 895.
248
What is the remainder when 3408 is divided by 55?
53
What is the remainder when 7144 is divided by 311?
302
Calculate the remainder when 86581 is divided by 32.
21
Calculate the remainder when 93087 is divided by 23271.
3
What is the remainder when 10095 is divided by 2196?
1311
What is the remainder when 52357 is divided by 56?
53
Calculate the remainder when 32995 is divided by 73.
72
What is the remainder when 17863 is divided by 3?
1
Calculate the remainder when 2052 is divided by 696.
660
What is the remainder when 129571 is divided by 414?
403
What is the remainder when 4762 is divided by 2267?
228
What is the remainder when 36103 is divided by 172?
155
What is the remainder when 7643 is divided by 263?
16
What is the remainder when 27619 is divided by 16?
3
What is the remainder when 530 is divided by 128?
18
What is the remainder when 64875 is divided by 6?
3
What is the remainder when 15465 is divided by 367?
51
What is the remainder when 6304 is divided by 55?
34
What is the remainder when 10521 is divided by 3484?
69
What is the remainder when 16423 is divided by 1782?
385
What is the remainder when 470390 is divided by 470372?
18
What is the remainder when 29984 is divided by 24?
8
What is the remainder when 7346 is divided by 50?
46
What is the remainder when 35651 is divided by 17815?
21
What is the remainder when 50718 is divided by 189?
66
What is the remainder when 55528 is divided by 104?
96
Calculate the remainder when 35495 is divided by 17.
16
Calculate the remainder when 18095 is divided by 148.
39
What is the remainder when 2616 is divided by 146?
134
Calculate the remainder when 1095 is divided by 126.
87
Calculate the remainder when 6172199 is divided by 675.
674
Calculate the remainder when 135877 is divided by 844.
837
What is the remainder when 19347 is divided by 18?
15
What is the remainder when 20337 is divided by 4966?
473
What is the remainder when 1315 is divided by 1116?
199
Calculate the remainder when 61572 is divided by 10.
2
What is the remainder when 12279 is divided by 64?
55
What is the remainder when 21629 is divided by 103?
102
Calculate the remainder